{"id":135,"date":"2022-10-03T23:55:53","date_gmt":"2022-10-03T21:55:53","guid":{"rendered":"http:\/\/gbsgroupe1.lescigales.org\/?page_id=135"},"modified":"2022-10-04T00:12:13","modified_gmt":"2022-10-03T22:12:13","slug":"vivre-en-france","status":"publish","type":"page","link":"https:\/\/gbsgroupe1.lescigales.org\/?page_id=135","title":{"rendered":"Vivre en France"},"content":{"rendered":"\n<p><strong>Les diff\u00e9rentes&nbsp;<a href=\"https:\/\/www.campusfrance.org\/carte-de-France\">r\u00e9gions fran\u00e7aises<\/a>&nbsp;sont incroyablement vari\u00e9es: culture et patrimoine, traditions et terroirs gastronomiques, mer ou montagne, ville ou campagne. Profitez de vos \u00e9tudes pour d\u00e9couvrir un pays haut en couleur.<\/strong><\/p>\n\n\n\n<h2>LA NOUVELLE AQUITAINE&nbsp;: ENTRE VIGNES ET OC\u00c9AN<\/h2>\n\n\n\n<p>Avec ses 250 kilom\u00e8tres de plages, ses cit\u00e9s historiques, ses ch\u00e2teaux et ses vignobles, la Nouvelle Aquitaine vous comblera. Surf \u00e0 Biarritz, tour en barque dans le marais poitevin ou vir\u00e9e \u0153nologique dans le vignoble bordelais. Autant d\u2019activit\u00e9s que d\u2019occasions de d\u00e9couvrir la&nbsp;<a href=\"http:\/\/www.tourisme-aquitaine.fr\/fr\/informations-pratiques\/brochures\/\" target=\"_blank\" rel=\"noreferrer noopener\">Nouvelle Aquitaine<\/a>.<br>&nbsp;<\/p>\n\n\n\n<p><\/p>\n\n\n\n<h2>LE GRAND EST&nbsp;: AU C\u0152UR DE L\u2019EUROPE<\/h2>\n\n\n\n<p>Terre de m\u00e9moire, le Grand Est a \u00e9t\u00e9 le th\u00e9\u00e2tre des grandes batailles de la Premi\u00e8re Guerre mondiale comme celle de Verdun. On y visite Strasbourg, capitale europ\u00e9enne, mais aussi les vignobles champenois et alsaciens ou encore les massifs vosgiens. N\u2019attendez plus pour d\u00e9couvrir le\u00a0<a rel=\"noreferrer noopener\" href=\"http:\/\/www.france-voyage.com\/guide\/grand-est-region.htm\" target=\"_blank\">Grand-Est<\/a><\/p>\n\n\n\n<h2>AUVERGNE RH\u00d4NE-ALPES&nbsp;: LA MONTAGNE SOUS TOUS SES ANGLES<\/h2>\n\n\n\n<p>La r\u00e9gion Auvergne Rh\u00f4ne-Alpes est une terre de volcans et de pics enneig\u00e9s : des sources d\u2019\u00c9vian aux pentes du Mont-Blanc, choisissez entre stations de sports d\u2019hiver et stations thermales. En passant par Lyon et les rives du lac d\u2019Annecy, vous avez tout \u00e0 d\u00e9couvrir de la r\u00e9gion&nbsp;<a href=\"http:\/\/fr.auvergnerhonealpes-tourisme.com\/\" target=\"_blank\" rel=\"noreferrer noopener\">Auvergne-Rh\u00f4ne-Alpes<\/a>.<\/p>\n\n\n\n<p><\/p>\n\n\n\n<h2>LES HAUTS-DE-FRANCE, TERROIRS DU NORD<\/h2>\n\n\n\n<p>La r\u00e9gion Hauts-de-France est h\u00e9riss\u00e9e de cath\u00e9drales, de beffrois et de citadelles, et ses plaines t\u00e9moignent de son histoire mini\u00e8re. Les carnavals et la braderie de Lille sont des occasions de go\u00fbter les meilleures frites de France, avant une escapade sur la C\u00f4te d\u2019Opale. Tant de choses \u00e0 d\u00e9couvrir dans les&nbsp;<a href=\"http:\/\/www.hautsdefrance.fr\/escapades\/\" target=\"_blank\" rel=\"noreferrer noopener\">Hauts-de-France<\/a>.<br>&nbsp;<\/p>\n\n\n\n<p><\/p>\n\n\n\n<h2>LA CORSE&nbsp;: UN JOYAU PR\u00c9SERV\u00c9<\/h2>\n\n\n\n<p>Avec ses villages haut perch\u00e9s et ses chemins de randonn\u00e9e, ses plages et ses fonds marins paradisiaques, la Corse a plus d\u2019un atout pour s\u00e9duire ses visiteurs. De Calvi au golfe de Bonifacio en passant par la citadelle de Corte, l\u2019\u00eele de beaut\u00e9 vous surprendra plus d\u2019une fois. N\u2019h\u00e9sitez pas \u00e0 d\u00e9couvrir la&nbsp;<a href=\"http:\/\/www.visit-corsica.com\/\" target=\"_blank\" rel=\"noreferrer noopener\">Corse<\/a>.<\/p>\n\n\n\n<p><\/p>\n\n\n\n<h2>NORMANDIE&nbsp;: LA DOUCEUR DE VIVRE<\/h2>\n\n\n\n<p>On vient en Normandie pour son climat doux, son bocage, ses vaches et ses clochers. Vous pourrez aussi admirer les falaises de F\u00e9camp, \u00eatre sans voix au Mont-Saint-Michel, parcourir les plages du D\u00e9barquement ou suivre les traces de Guillaume le Conqu\u00e9rant. Partez \u00e0 la d\u00e9couverte de la&nbsp;<a href=\"http:\/\/www.normandie-tourisme.fr\/\" target=\"_blank\" rel=\"noreferrer noopener\">Normandie<\/a>.<\/p>\n\n\n\n<p><\/p>\n\n\n\n<h2>BOURGOGNE FRANCHE-COMT\u00c9&nbsp;: L\u2019ART DE VIVRE<\/h2>\n\n\n\n<p>La r\u00e9gion Bourgogne Franche-Comt\u00e9 est renomm\u00e9e pour ses vignobles. C\u2019est aussi la patrie des d\u00e9licieux escargots. Sillonnez la r\u00e9gion gr\u00e2ce aux nombreux canaux et multipliez les \u00e9tapes gourmandes de Dijon \u00e0 Ch\u00e2lons-sur-Sa\u00f4ne avant de rejoindre le Jura d\u2019o\u00f9 la vue est imprenable sur les Alpes. D\u00e9couvrez la&nbsp;<a href=\"http:\/\/www.bourgognefranchecomte.com\/\" target=\"_blank\" rel=\"noreferrer noopener\">Bourgogne Franche Comt\u00e9<\/a>.<\/p>\n\n\n\n<p><\/p>\n\n\n\n<h2>\u00ceLE-DE-FRANCE&nbsp;: R\u00c9GION CAPITALE<\/h2>\n\n\n\n<p>L\u2019\u00cele de France est le poumon culturel et politique de la France. Les monuments historiques et les manifestations culturelles y sont innombrables et les possibilit\u00e9s de sorties infinies. Des soir\u00e9es parisiennes aux escapades dans les bois qui ceinturent la ville monde, il y a tant \u00e0 d\u00e9couvrir en&nbsp;<a href=\"http:\/\/www.visitparisregion.com\/\" target=\"_blank\" rel=\"noreferrer noopener\">\u00cele-de-France<\/a>.<\/p>\n\n\n\n<p><\/p>\n\n\n\n<h2>LA R\u00c9GION CENTRE-VAL-DE-LOIRE&nbsp;: AU FIL DE L\u2019EAU<\/h2>\n\n\n\n<p>La r\u00e9gion Centre-Val-de-Loire est le berceau de la Renaissance fran\u00e7aise ; les majestueux ch\u00e2teaux qui bordent le fleuve en sont autant de preuves. Les berges de la Loire sont tr\u00e8s pris\u00e9es des amateurs de tourisme \u00e0 v\u00e9lo, un des meilleurs moyens de d\u00e9couvrir la r\u00e9gion&nbsp;<a href=\"http:\/\/www.regioncentre-valdeloire.fr\/accueil\/ma-region-et-moi\/une-chance-pour-tous\/tourisme.html\" target=\"_blank\" rel=\"noreferrer noopener\">Centre Val de Loire<\/a>.<\/p>\n\n\n\n<p><\/p>\n\n\n\n<h2>LES PAYS DE LA LOIRE&nbsp;: AU GRAND AIR<\/h2>\n\n\n\n<p>Avec ses longues plages, ses \u00eeles balay\u00e9es par les embruns et ses dunes \u00e0 perte de vue, la r\u00e9gion Pays de la Loire est la destination id\u00e9ale pour un bol d\u2019air oc\u00e9anique. La vie culturelle de Nantes est r\u00e9put\u00e9e dynamique. De la cath\u00e9drale du Mans aux marais salants de Gu\u00e9rande, rendez-vous pour d\u00e9couvrir les&nbsp;<a href=\"http:\/\/www.paysdelaloire.fr\/politiques-regionales\/tourisme\/\" target=\"_blank\" rel=\"noreferrer noopener\">Pays de la Loire<\/a>.<\/p>\n\n\n\n<p><\/p>\n\n\n\n<h2>LA BRETAGNE&nbsp;: TERRE DE MYST\u00c8RE<\/h2>\n\n\n\n<p>En Bretagne, r\u00e9gion de traditions et de caract\u00e8re, les histoires de marins rencontrent les l\u00e9gendes celtiques. On s\u2019y prom\u00e8ne sur les landes couvertes de bruy\u00e8re avant de d\u00e9guster des fruits de mer dans un port de p\u00eache du Morbihan. De la rade de Brest aux rues anim\u00e9es de Rennes, la&nbsp;<a href=\"http:\/\/www.tourismebretagne.com\/\" target=\"_blank\" rel=\"noreferrer noopener\">Bretagne<\/a>&nbsp;est \u00e0 d\u00e9couvrir.<\/p>\n\n\n\n<p><\/p>\n\n\n\n<h2>L\u2019OCCITANIE&nbsp;: LA VIE AU SOLEIL<\/h2>\n\n\n\n<p>Adoss\u00e9e aux Pyr\u00e9n\u00e9es et bord\u00e9e par la M\u00e9diterran\u00e9e, l\u2019Occitanie propose une grande vari\u00e9t\u00e9 de paysages et d\u2019activit\u00e9s. Ses habitants aiment prendre le temps de vivre et de partager les produits de l\u2019excellente gastronomie r\u00e9gionale dont le c\u00e9l\u00e8bre foie gras. De la rose Toulouse \u00e0 la catalane Perpignan, partez \u00e0 la d\u00e9couverte de l\u2019<a href=\"http:\/\/www.tourisme-occitanie.com\/\" target=\"_blank\" rel=\"noreferrer noopener\">Occitanie<\/a>.<\/p>\n\n\n\n<p><\/p>\n\n\n\n<h2>PROVENCE-ALPES-C\u00d4TE D\u2019AZUR&nbsp;: UN CONCENTR\u00c9 DE M\u00c9DITERRAN\u00c9E<\/h2>\n\n\n\n<p>Des plages de la\u00a0<em>French riviera<\/em>\u00a0aux massifs du Mercantour, la r\u00e9gion dite PACA est couverte de champs de lavande proven\u00e7aux, de ports de plaisance et de calanques. Parcourez les ruelles de Marseille et adoptez l\u2019accent chantant de la cit\u00e9 phoc\u00e9enne avant de filer vers l\u2019Est\u00e9rel et l\u2019Italie. D\u00e9couvrez la r\u00e9gion\u00a0<a rel=\"noreferrer noopener\" href=\"http:\/\/www.tourismepaca.fr\/\" target=\"_blank\">Provence-<\/a><\/p>\n\n\n\n<p>YouTube est d\u00e9sactiv\u00e9.&nbsp;Autoriser<\/p>\n\n\n\n<h2>L\u2019OUTRE-MER&nbsp;: LA FRANCE DES BOUTS DU MONDE<\/h2>\n\n\n\n<p>D\u00e9cors de r\u00eave, douceur de vivre et plaisir des sens sous le regard de la \u00ab vieille dame \u00bb, surnom donn\u00e9 \u00e0 la volcanique Soufri\u00e8re. D\u00e9couvrez la&nbsp;<a href=\"http:\/\/www.lesilesdeguadeloupe.com\/tourisme\/fr-fr\" target=\"_blank\" rel=\"noreferrer noopener\">Guadeloupe<\/a>.<\/p>\n\n\n\n<p><\/p>\n\n\n\n<p>La Martinique offre un savoureux m\u00e9lange de traditions cr\u00e9oles des Cara\u00efbes, au pied de la Montagne Pel\u00e9e qui domine l\u2019\u00eele. D\u00e9couvrez la&nbsp;<a href=\"http:\/\/www.guidemartinique.com\/\" target=\"_blank\" rel=\"noreferrer noopener\">Martinique<\/a>.<\/p>\n\n\n\n<p><\/p>\n\n\n\n<p>Seul territoire fran\u00e7ais d\u2019Outre-mer \u00e0 ne pas \u00eatre une \u00eele, la Guyane est une terre de nature o\u00f9 la for\u00eat amazonienne se jette dans l\u2019oc\u00e9an comme les fleuves qui la parcourent. D\u00e9couvrez la&nbsp;<a href=\"http:\/\/www.guyane-amazonie.fr\/\" target=\"_blank\" rel=\"noreferrer noopener\">Guyane<\/a>.<\/p>\n\n\n\n<p><\/p>\n\n\n\n<p>D\u00e9paysement garanti sur cette \u00eele tropicale et volcanique de l\u2019oc\u00e9an Indien o\u00f9 se m\u00ealent savamment les cultures tamoule, indienne, chinoise, malgache, cr\u00e9ole et fran\u00e7aise. D\u00e9couvrez l\u2019<a href=\"http:\/\/www.reunion.fr\/\" target=\"_blank\" rel=\"noreferrer noopener\">\u00cele de La R\u00e9union<\/a>.<\/p>\n\n\n\n<p><\/p>\n","protected":false},"excerpt":{"rendered":"<p>Les diff\u00e9rentes&nbsp;r\u00e9gions fran\u00e7aises&nbsp;sont incroyablement vari\u00e9es: culture et patrimoine, traditions et terroirs gastronomiques, mer ou montagne, ville ou campagne. Profitez de vos \u00e9tudes pour d\u00e9couvrir un pays haut en couleur. LA NOUVELLE AQUITAINE&nbsp;: ENTRE VIGNES ET OC\u00c9AN Avec ses 250 kilom\u00e8tres de plages, ses cit\u00e9s historiques, ses ch\u00e2teaux et ses vignobles, la Nouvelle Aquitaine vous comblera. [&hellip;]<\/p>\n","protected":false},"author":1,"featured_media":0,"parent":0,"menu_order":0,"comment_status":"closed","ping_status":"closed","template":"","meta":[],"_links":{"self":[{"href":"https:\/\/gbsgroupe1.lescigales.org\/index.php?rest_route=\/wp\/v2\/pages\/135"}],"collection":[{"href":"https:\/\/gbsgroupe1.lescigales.org\/index.php?rest_route=\/wp\/v2\/pages"}],"about":[{"href":"https:\/\/gbsgroupe1.lescigales.org\/index.php?rest_route=\/wp\/v2\/types\/page"}],"author":[{"embeddable":true,"href":"https:\/\/gbsgroupe1.lescigales.org\/index.php?rest_route=\/wp\/v2\/users\/1"}],"replies":[{"embeddable":true,"href":"https:\/\/gbsgroupe1.lescigales.org\/index.php?rest_route=%2Fwp%2Fv2%2Fcomments&post=135"}],"version-history":[{"count":3,"href":"https:\/\/gbsgroupe1.lescigales.org\/index.php?rest_route=\/wp\/v2\/pages\/135\/revisions"}],"predecessor-version":[{"id":143,"href":"https:\/\/gbsgroupe1.lescigales.org\/index.php?rest_route=\/wp\/v2\/pages\/135\/revisions\/143"}],"wp:attachment":[{"href":"https:\/\/gbsgroupe1.lescigales.org\/index.php?rest_route=%2Fwp%2Fv2%2Fmedia&parent=135"}],"curies":[{"name":"wp","href":"https:\/\/api.w.org\/{rel}","templated":true}]}}